0 (base 2) in base 15?
4ec19
What is 7b447 (base 12) in base 6?
3310531
What is 243406 (base 14) in base 7?
13345206
1011110011101000111 (base 2) to base 4
1132131013
Convert 1445087 (base 9) to base 2.
11000010101110100101
121332415 (base 6) to base 3
11100120010202
Convert -222022222212 (base 3) to base 2.
-1111110100010101011
Convert -623500 (base 7) to base 16.
-1a1a6
153228 (base 9) to base 4
113000111
Convert 1535354 (base 6) to base 14.
2506a
Convert 111110000111001111000 (base 2) to base 3.
10211101221020
What is 16a0c (base 14) in base 13?
1cb53
Convert 44410322 (base 5) to base 8.
1366164
Convert 203102230 (base 4) to base 6.
3033124
6cb8dd (base 14) to base 11
2110892
Convert -294405c (base 13) to base 8.
-62025634
12202011020 (base 3) to base 8
334725
Convert 4002102 (base 5) to base 10.
62777
Convert 1404245 (base 6) to base 13.
29aaa
Convert 16606817 (base 9) to base 11.
4780189
-1310132130 (base 4) to base 12
-1b0110
What is -140213455 (base 6) in base 8?
-12576013
Convert 5460a (base 11) to base 15.
18745
-3434010001 (base 5) to base 6
-433241504
What is -242310211 (base 6) in base 10?
-4596991
Convert 3216857 (base 9) to base 11.
a78344
Convert -73625 (base 11) to base 6.
-2144241
-1003123010 (base 4) to base 2
-1000011011011000100
What is 8321364 (base 9) in base 15?
5cb5d7
What is 625311 (base 10) in base 3?
1011202202200
What is 3504134 (base 7) in base 5?
103012203
What is -f0b6d (base 16) in base 14?
-1b9461
What is -6404c (base 15) in base 12?
-133776
What is -268341 (base 9) in base 3?
-22022101101
What is 114101331 (base 5) in base 12?
219453
What is -548616 (base 9) in base 12?
-139866
What is -605017 (base 8) in base 12?
-97327
10122122112 (base 3) to base 12
3574b
10333442242 (base 5) to base 16
ab6b18
What is -bc051 (base 14) in base 13?
-12c493
What is -1882713 (base 9) in base 5?
-232331413
What is -12332300323 (base 4) in base 14?
-358c67
What is 1b937 (base 15) in base 10?
89827
What is -2104663 (base 7) in base 2?
-111101111101111000
45a474 (base 13) to base 11
a28233
What is -7122 (base 11) in base 2?
-10010011110110
6141177 (base 9) to base 4
30133201003
What is aac21c (base 15) in base 16?
7c38b1
-2bceb (base 16) to base 11
-1128a3
Convert 7aaaa (base 13) to base 12.
a957b
What is 1a3b394 (base 12) in base 16?
54c760
Convert 110202120202 (base 3) to base 12.
101455
Convert 3937286 (base 10) to base 3.
21102000221102
Convert -44990d (base 16) to base 2.
-10001001001100100001101
-5198ce (base 16) to base 9
-11050384
-143d17 (base 14) to base 2
-10101011011101010001
Convert -11023313020 (base 4) to base 9.
-2501547
17201 (base 11) to base 16
5e89
-1064323 (base 10) to base 15
-16054d
2179 (base 16) to base 10
8569
What is 11333012 (base 4) in base 3?
1020122002
-bed95 (base 15) to base 11
-385211
-10100202220 (base 3) to base 15
-14919
What is -2c350 (base 14) in base 8?
-327522
10010000111010100 (base 2) to base 15
16eb6
Convert b9273 (base 12) to base 16.
3b937
Convert -1135c69 (base 13) to base 7.
-63010546
Convert 343411022 (base 6) to base 10.
6331190
What is -37a334 (base 11) in base 7?
-5044243
10134324 (base 5) to base 3
11020211112
1585736 (base 10) to base 5
401220421
-34105 (base 8) to base 7
-56666
Convert 40121504 (base 6) to base 10.
1130512
What is 74456 (base 16) in base 11?
2a58a1
1011000111100110101110 (base 2) to base 8
13074656
213120210 (base 4) to base 12
79430
What is 35c0c (base 14) in base 10?
131332
What is -14204013 (base 6) in base 15?
-98190
-341223432 (base 6) to base 5
-3043133304
What is -6463a (base 13) in base 2?
-101100001111100001
-321201230200 (base 4) to base 7
-242115445
Convert 52672 (base 15) to base 5.
31330312
cc1 (base 16) to base 3
11110221
Convert 130481 (base 9) to base 11.
544a6
Convert -37565 (base 10) to base 7.
-214343
What is -8187b6 (base 14) in base 5?
-2104130432
Convert 1162376 (base 8) to base 16.
4e4fe
-38d9d (base 16) to base 9
-384374
What is 12344644 (base 7) in base 15?
172044
21011101120202 (base 3) to base 6
213330502
Convert -1012210100 (base 3) to base 11.
-16a61
Convert 445453 (base 8) to base 7.
1164144
32200301 (base 4) to base 12
2a495
Convert -d59ae (base 15) to base 3.
-1021101221002
37922 (base 14) to base 7
1105142
Convert 1092194 (base 13) to base 12.
1854912
Convert -3646556 (base 7) to base 13.
-133cac
-34c038 (base 14) to base 11
-101a4a8
What is -580bbb (base 13) in base 14?
-3c47b0
What is 891dc1 (base 14) in base 16?
4702e5
-4b5550 (base 12) to base 7
-13323204
Convert -967d3e (base 15) to base 5.
-3313232414
-5d73 (base 16) to base 3
-1012211001
What is 184061 (base 10) in base 5?
21342221
-120220 (base 4) to base 12
-ab4
Convert 100020121222012 (base 3) to base 5.
2224212223
Convert 3e3c09 (base 15) to base 16.
2dc59d
What is 10212011222 (base 3) in base 8?
224256
Convert 875702 (base 11) to base 14.
285899
5234115 (base 8) to base 10
1390669
Convert -1210242 (base 13) to base 4.
-111112302030
What is 14131330 (base 5) in base 2?
100011100110110000
49a572 (base 13) to base 2
110101110111100001001
Convert 905435 (base 10) to base 5.
212433220
Convert 1100100001101101 (base 2) to base 15.
10309
What is -1341b07 (base 12) in base 14?
-715955
Convert 18855 (base 15) to base 6.
1412025
4abb60 (base 12) to base 6
42115400
Convert -47875 (base 12) to base 2.
-10111100000011001
24650143 (base 7) to base 10
2230609
-1042052403 (base 6) to base 5
-10343012221
Convert 1103714 (base 8) to base 10.
296908
-223222203 (base 4) to base 3
-100002100010
302a64 (base 11) to base 10
487095
What is -2b3034 (base 14) in base 15?
-1eb587
What is 3133422010 (base 5) in base 14?
c25423
What is 214240032 (base 5) in base 3?
1202021121020
What is -33b00 (base 14) in base 15?
-2735b
Convert -1023232200 (base 4) to base 14.
-81076
What is -8500b0 (base 14) in base 2?
-10001001001010111101010
51956 (base 14) to base 10
196664
What is -1223013 (base 6) in base 16?
-ffb1
What is -35124423 (base 6) in base 7?
-12134514
-123132023 (base 4) to base 16
-1b78b
What is -3ed94 (base 15) in base 6?
-4200021
Convert 156125 (base 11) to base 6.
5110102
What is -66b35 (base 12) in base 16?
-214d9
What is -5850 (base 13) in base 11?
-9355
Convert 228b65 (base 14) to base 13.
322778
What is -178363 (base 14) in base 12?
-33bb57
What is -709354 (base 11) in base 5?
-242433013
20004 (base 14) to base 9
126353
What is -315067 (base 8) in base 5?
-11330030
Convert -44224310 (base 5) to base 9.
-643434
-41545023 (base 6) to base 14
-23775d
What is 17f9f9 (base 16) in base 11?
983614
106a42 (base 11) to base 14
460bb
What is -1110023010 (base 4) in base 13?
-c0c0c
Convert -2331005 (base 6) to base 12.
-59a65
28435 (base 12) to base 7
322004
Convert -83987 (base 10) to base 16.
-14813
254062526 (base 7) to base 2
111101100010110010010110
-203240404 (base 5) to base 9
-1515106
What is 382623 (base 9) in base 16?
388b0
Convert 22012002012 (base 3) to base 2.
100111010110010000
Convert -2074247 (base 9) to base 11.
-69a456
What is 311631 (base 7) in base 4?
31003221
What is 2767b3 (base 12) in base 11?
407673
Convert 1256 (base 9) to base 15.
42c
What is 120480 (base 11) in base 5?
22102110
What is -100101110110011011010 (base 2) in base 8?
-4566332
What is -10503445 (base 6) in base 5?
-40212022
44156 (base 10) to base 12
21678
What is 93284 (base 14) in base 3?
200000021001
What is 758858 (base 9) in base 4?
1232201021
-134a57a (base 11) to base 9
-4336376
1211310033 (base 4) to base 11
265367
-36425 (base 16) to base 13
-7a20a
2a371 (base 14) to base 12
508a7
What is 2553d5 (base 14) in base 8?
4710257
What is -71020 (base 13) in base 8?
-612646
Convert -2364022 (base 8) to base 11.
-403863
What is 14551303 (base 6) in base 7?
4232301
112974 (base 11) to base 4
223311010
Convert 200021444 (base 6) to base 4.
30310312210
What is 3b866 (base 12) in base 5?
10114241
Convert 36d7b (base 14) to base 13.
49211
-122122222111 (base 3) to base 14
-90a11
Convert -16a27 (base 15) to base 5.
-4320122
Convert -66167 (base 9) to base 3.
-2020012021
What is 50194 (base 13) in base 4?
202323313
Convert 108348 (base 13) to base 14.
a1ccc
89c6c1 (base 15) to base 2
11001000100101001110000
Convert 1497 (base 12) to base 13.
1141
What is -6caed (base 16) in base 7?
-3532600
What is -34a8a (base